
What is the ten millions digit of 12365543?
1
What is the units digit of 510426?
6
What is the millions digit of 6613819?
6
What is the hundreds digit of 266089?
0
What is the ten thousands digit of 385571?
8
What is the hundreds digit of 550384?
3
What is the hundred thousands digit of 2011210?
0
What is the units digit of 1112562?
2
What is the units digit of 9924358?
8
What is the hundred thousands digit of 20831521?
8
What is the thousands digit of 4644334?
4
What is the hundreds digit of 456447?
4
What is the tens digit of 58317?
1
What is the hundreds digit of 1101324?
3
What is the hundreds digit of 107234?
2
What is the hundred thousands digit of 2637758?
6
What is the hundred thousands digit of 1587633?
5
What is the tens digit of 5716553?
5
What is the hundred thousands digit of 6267679?
2
What is the hundreds digit of 2769336?
3
What is the ten thousands digit of 186621?
8
What is the ten millions digit of 42762264?
4
What is the units digit of 3946560?
0
What is the tens digit of 867587?
8
What is the units digit of 313541?
1
What is the ten thousands digit of 744195?
4
What is the units digit of 105739?
9
What is the ten millions digit of 30415594?
3
What is the hundred thousands digit of 1034713?
0
What is the thousands digit of 512666?
2
What is the ten thousands digit of 61631?
6
What is the hundreds digit of 63150?
1
What is the hundreds digit of 4672546?
5
What is the thousands digit of 313539?
3
What is the units digit of 30731976?
6
What is the millions digit of 6386137?
6
What is the hundreds digit of 653116?
1
What is the thousands digit of 17894267?
4
What is the hundred thousands digit of 869775?
8
What is the millions digit of 4313618?
4
What is the ten thousands digit of 78471?
7
What is the tens digit of 15794288?
8
What is the hundreds digit of 76663?
6
What is the thousands digit of 1112561?
2
What is the hundred thousands digit of 208856?
2
What is the thousands digit of 1128694?
8
What is the millions digit of 1234891?
1
What is the units digit of 26958217?
7
What is the units digit of 301147?
7
What is the units digit of 223297?
7
What is the millions digit of 1221025?
1
What is the hundred thousands digit of 606751?
6
What is the thousands digit of 250264?
0
What is the thousands digit of 189376?
9
What is the ten thousands digit of 750742?
5
What is the thousands digit of 3679515?
9
What is the hundred thousands digit of 2956245?
9
What is the hundred thousands digit of 268552?
2
What is the units digit of 328492?
2
What is the thousands digit of 5367496?
7
What is the thousands digit of 2327514?
7
What is the ten thousands digit of 310141?
1
What is the units digit of 5624976?
6
What is the millions digit of 3563664?
3
What is the ten thousands digit of 577339?
7
What is the thousands digit of 315997?
5
What is the ten thousands digit of 6698902?
9
What is the thousands digit of 20390463?
0
What is the thousands digit of 66918?
6
What is the ten thousands digit of 6913664?
1
What is the millions digit of 2438056?
2
What is the units digit of 126187?
7
What is the units digit of 1319199?
9
What is the tens digit of 3840992?
9
What is the ten thousands digit of 2280226?
8
What is the units digit of 13451986?
6
What is the ten thousands digit of 678777?
7
What is the units digit of 2158052?
2
What is the thousands digit of 41868?
1
What is the tens digit of 360751?
5
What is the hundreds digit of 2161986?
9
What is the units digit of 4043557?
7
What is the hundreds digit of 8184267?
2
What is the units digit of 44717?
7
What is the units digit of 8085655?
5
What is the tens digit of 1478372?
7
What is the units digit of 3554784?
4
What is the tens digit of 7192400?
0
What is the units digit of 457580?
0
What is the units digit of 439116?
6
What is the units digit of 777416?
6
What is the thousands digit of 462930?
2
What is the hundreds digit of 965753?
7
What is the ten thousands digit of 1837077?
3
What is the tens digit of 44101?
0
What is the units digit of 1257818?
8
What is the ten thousands digit of 169437?
6
What is the thousands digit of 496870?
6
What is the tens digit of 33987924?
2
What is the units digit of 23019393?
3
What is the thousands digit of 540625?
0
What is the tens digit of 21609?
0
What is the ten thousands digit of 14089374?
8
What is the millions digit of 2675101?
2
What is the tens digit of 77691?
9
What is the hundreds digit of 14934407?
4
What is the thousands digit of 72072?
2
What is the millions digit of 5595756?
5
What is the millions digit of 7379008?
7
What is the thousands digit of 390412?
0
What is the hundreds digit of 89053?
0
What is the ten millions digit of 22129046?
2
What is the millions digit of 10237330?
0
What is the hundred thousands digit of 2297168?
2
What is the ten thousands digit of 261707?
6
What is the hundreds digit of 128580?
5
What is the ten thousands digit of 1996284?
9
What is the hundred thousands digit of 22068379?
0
What is the tens digit of 891904?
0
What is the units digit of 367699?
9
What is the hundreds digit of 21352691?
6
What is the units digit of 9504011?
1
What is the thousands digit of 19521673?
1
What is the units digit of 950613?
3
What is the ten thousands digit of 19803213?
0
What is the hundreds digit of 101726?
7
What is the tens digit of 330382?
8
What is the hundred thousands digit of 872363?
8
What is the units digit of 449145?
5
What is the ten thousands digit of 39747?
3
What is the hundred thousands digit of 22636056?
6
What is the units digit of 272013?
3
What is the hundred thousands digit of 1957413?
9
What is the hundreds digit of 22364072?
0
What is the ten thousands digit of 90258?
9
What is the hundreds digit of 7088893?
8
What is the hundreds digit of 7868513?
5
What is the hundreds digit of 507108?
1
What is the units digit of 220272?
2
What is the hundreds digit of 12676117?
1
What is the millions digit of 1524312?
1
What is the ten thousands digit of 15446993?
4
What is the tens digit of 4278895?
9
What is the hundred thousands digit of 5101101?
1
What is the ten thousands digit of 2809559?
0
What is the thousands digit of 2897737?
7
What is the hundreds digit of 599917?
9
What is the ten millions digit of 13985342?
1
What is the ten thousands digit of 525503?
2
What is the tens digit of 6590285?
8
What is the hundreds digit of 3801159?
1
What is the hundreds digit of 185324?
3
What is the thousands digit of 559565?
9
What is the hundred thousands digit of 11234699?
2
What is the hundred thousands digit of 203045?
2
What is the ten thousands digit of 2185541?
8
What is the thousands digit of 11829?
1
What is the units digit of 4475381?
1
What is the tens digit of 180960?
6
What is the ten thousands digit of 770264?
7
What is the tens digit of 661424?
2
What is the units digit of 124052?
2
What is the ten millions digit of 12573559?
1
What is the ten thousands digit of 91117?
9
What is the tens digit of 96782?
8
What is the thousands digit of 1559573?
9
What is the units digit of 90244?
4
What is the thousands digit of 1803236?
3
What is the ten thousands digit of 9567309?
6
What is the millions digit of 7965351?
7
What is the tens digit of 4973086?
8
What is the millions digit of 1159121?
1
What is the tens digit of 2234973?
7
What is the units digit of 47725?
5
What is the units digit of 257288?
8
What is the millions digit of 3730884?
3
What is the ten thousands digit of 23577195?
7
What is the hundreds digit of 220084?
0
What is the hundred thousands digit of 9512340?
5
What is the thousands digit of 438418?
8
What is the hundreds digit of 182421?
4
What is the units digit of 24916?
6
What is the ten thousands digit of 1795160?
9
What is the units digit of 39074?
4
What is the thousands digit of 232049?
2
What is the tens digit of 2813722?
2
What is the hundred thousands digit of 3117365?
1
What is the thousands digit of 116568?
6
What is the thousands digit of 25970?
5
What is the hundred thousands digit of 2584390?
5
What is the hundreds digit of 318001?
0
What is the thousands digit of 8681600?
1
What is the hundreds digit of 4255958?
9
What is the thousands digit of 2609653?
9
What is the hundred thousands digit of 1843419?
8
What is the ten thousands digit of 4111366?
1
What is the thousands digit of 